{"id":138,"date":"2019-10-23T12:41:14","date_gmt":"2019-10-23T12:41:14","guid":{"rendered":"http:\/\/dev.gerlachschule-aachen.de\/?page_id=138"},"modified":"2024-07-01T12:43:50","modified_gmt":"2024-07-01T12:43:50","slug":"unser-schulleben","status":"publish","type":"page","link":"https:\/\/gerlachschule-aachen.de\/index.php\/unser-schulleben\/","title":{"rendered":"Unser Schulleben"},"content":{"rendered":"\n<p class=\"has-text-align-center has-light-green-cyan-background-color has-background has-medium-font-size\"><strong>Unser Schulfilm<\/strong><\/p>\n\n\n\n<p>In diesem Film erhalten Sie einen kleinen Einblick in unser Schulgeb\u00e4ude und unser Schulleben! Viel Spa\u00df beim Anschauen!<\/p>\n\n\n\n<figure class=\"wp-block-embed is-type-video is-provider-youtube wp-block-embed-youtube wp-embed-aspect-16-9 wp-has-aspect-ratio\"><div class=\"wp-block-embed__wrapper\">\n<iframe loading=\"lazy\" title=\"Willkommen in der Gerlachschule!\" width=\"525\" height=\"295\" src=\"https:\/\/www.youtube.com\/embed\/m8Y1s97qIGw?feature=oembed\" frameborder=\"0\" allow=\"accelerometer; autoplay; clipboard-write; encrypted-media; gyroscope; picture-in-picture; web-share\" referrerpolicy=\"strict-origin-when-cross-origin\" allowfullscreen><\/iframe>\n<\/div><figcaption class=\"wp-element-caption\">Unsere Schulfilm<\/figcaption><\/figure>\n\n\n\n<p><\/p>\n\n\n\n<p>Ein Schuljahr an der Gerlachschule ist gepr\u00e4gt durch viele Rituale, Feste und gemeinsame Aktivit\u00e4ten. Viele Aktionen werden mit der ganzen Schule gemeinsam gemacht, manche nur in einzelnen Jahrg\u00e4ngen, andere jahrgangs\u00fcbergreifend. <br>Vom j\u00e4hrlichen <strong>Waldtag<\/strong>, monatlichen <strong>gesunden Fr\u00fchst\u00fcck <\/strong>bis zur w\u00f6chentlich stattfindenen <strong>AG<\/strong> und dem t\u00e4glichen Einrad fahren. Hier ist f\u00fcr jeden etwas dabei! <\/p>\n\n\n\n<figure class=\"wp-block-gallery has-nested-images columns-default is-cropped wp-block-gallery-1 is-layout-flex wp-block-gallery-is-layout-flex\">\n<figure class=\"wp-block-image size-large\"><img loading=\"lazy\" decoding=\"async\" width=\"768\" height=\"1024\" data-id=\"255\" src=\"https:\/\/gerlachschule-aachen.de\/wp-content\/uploads\/2019\/11\/signal-attachment-2019-11-02-145929-768x1024.jpeg\" alt=\"\" class=\"wp-image-255\" srcset=\"https:\/\/gerlachschule-aachen.de\/wp-content\/uploads\/2019\/11\/signal-attachment-2019-11-02-145929-768x1024.jpeg 768w, https:\/\/gerlachschule-aachen.de\/wp-content\/uploads\/2019\/11\/signal-attachment-2019-11-02-145929-225x300.jpeg 225w\" sizes=\"auto, (max-width: 767px) 89vw, (max-width: 1000px) 54vw, (max-width: 1071px) 543px, 580px\" \/><\/figure>\n\n\n\n<figure class=\"wp-block-image size-large\"><img loading=\"lazy\" decoding=\"async\" width=\"1024\" height=\"1024\" data-id=\"279\" src=\"https:\/\/gerlachschule-aachen.de\/wp-content\/uploads\/2019\/11\/IMG-20181109-WA0004-1024x1024.jpg\" alt=\"\" class=\"wp-image-279\" srcset=\"https:\/\/gerlachschule-aachen.de\/wp-content\/uploads\/2019\/11\/IMG-20181109-WA0004-1024x1024.jpg 1024w, https:\/\/gerlachschule-aachen.de\/wp-content\/uploads\/2019\/11\/IMG-20181109-WA0004-150x150.jpg 150w, https:\/\/gerlachschule-aachen.de\/wp-content\/uploads\/2019\/11\/IMG-20181109-WA0004-300x300.jpg 300w, https:\/\/gerlachschule-aachen.de\/wp-content\/uploads\/2019\/11\/IMG-20181109-WA0004-768x768.jpg 768w, https:\/\/gerlachschule-aachen.de\/wp-content\/uploads\/2019\/11\/IMG-20181109-WA0004-100x100.jpg 100w, https:\/\/gerlachschule-aachen.de\/wp-content\/uploads\/2019\/11\/IMG-20181109-WA0004.jpg 1080w\" sizes=\"auto, (max-width: 767px) 89vw, (max-width: 1000px) 54vw, (max-width: 1071px) 543px, 580px\" \/><\/figure>\n\n\n\n<figure class=\"wp-block-image size-large\"><img loading=\"lazy\" decoding=\"async\" width=\"1024\" height=\"768\" data-id=\"172\" src=\"https:\/\/gerlachschule-aachen.de\/wp-content\/uploads\/2019\/10\/Einr\u00e4der-1024x768.jpg\" alt=\"\" class=\"wp-image-172\" srcset=\"https:\/\/gerlachschule-aachen.de\/wp-content\/uploads\/2019\/10\/Einr\u00e4der-1024x768.jpg 1024w, https:\/\/gerlachschule-aachen.de\/wp-content\/uploads\/2019\/10\/Einr\u00e4der-300x225.jpg 300w, https:\/\/gerlachschule-aachen.de\/wp-content\/uploads\/2019\/10\/Einr\u00e4der-768x576.jpg 768w\" sizes=\"auto, (max-width: 767px) 89vw, (max-width: 1000px) 54vw, (max-width: 1071px) 543px, 580px\" \/><\/figure>\n<\/figure>\n\n\n\n<p><\/p>\n","protected":false},"excerpt":{"rendered":"<p>Unser Schulfilm In diesem Film erhalten Sie einen kleinen Einblick in unser Schulgeb\u00e4ude und unser Schulleben! Viel Spa\u00df beim Anschauen! Ein Schuljahr an der Gerlachschule ist gepr\u00e4gt durch viele Rituale, Feste und gemeinsame Aktivit\u00e4ten. Viele Aktionen werden mit der ganzen Schule gemeinsam gemacht, manche nur in einzelnen Jahrg\u00e4ngen, andere jahrgangs\u00fcbergreifend. Vom j\u00e4hrlichen Waldtag, monatlichen gesunden &hellip; <\/p>\n<p class=\"link-more\"><a href=\"https:\/\/gerlachschule-aachen.de\/index.php\/unser-schulleben\/\" class=\"more-link\"><span class=\"screen-reader-text\">\u201eUnser Schulleben\u201c <\/span>weiterlesen<\/a><\/p>\n","protected":false},"author":2,"featured_media":0,"parent":0,"menu_order":0,"comment_status":"closed","ping_status":"closed","template":"","meta":{"footnotes":""},"class_list":["post-138","page","type-page","status-publish","hentry"],"_links":{"self":[{"href":"https:\/\/gerlachschule-aachen.de\/index.php\/wp-json\/wp\/v2\/pages\/138","targetHints":{"allow":["GET"]}}],"collection":[{"href":"https:\/\/gerlachschule-aachen.de\/index.php\/wp-json\/wp\/v2\/pages"}],"about":[{"href":"https:\/\/gerlachschule-aachen.de\/index.php\/wp-json\/wp\/v2\/types\/page"}],"author":[{"embeddable":true,"href":"https:\/\/gerlachschule-aachen.de\/index.php\/wp-json\/wp\/v2\/users\/2"}],"replies":[{"embeddable":true,"href":"https:\/\/gerlachschule-aachen.de\/index.php\/wp-json\/wp\/v2\/comments?post=138"}],"version-history":[{"count":7,"href":"https:\/\/gerlachschule-aachen.de\/index.php\/wp-json\/wp\/v2\/pages\/138\/revisions"}],"predecessor-version":[{"id":3885,"href":"https:\/\/gerlachschule-aachen.de\/index.php\/wp-json\/wp\/v2\/pages\/138\/revisions\/3885"}],"wp:attachment":[{"href":"https:\/\/gerlachschule-aachen.de\/index.php\/wp-json\/wp\/v2\/media?parent=138"}],"curies":[{"name":"wp","href":"https:\/\/api.w.org\/{rel}","templated":true}]}}

<p class="has-text-align-center has-light-green-cyan-background-color has-background has-medium-font-size"><strong>Unser Schulfilm</strong></p>



<p>In diesem Film erhalten Sie einen kleinen Einblick in unser Schulgebäude und unser Schulleben! Viel Spaß beim Anschauen!</p>



<figure class="wp-block-embed is-type-video is-provider-youtube wp-block-embed-youtube wp-embed-aspect-16-9 wp-has-aspect-ratio"><div class="wp-block-embed__wrapper">
<iframe loading="lazy" title="Willkommen in der Gerlachschule!" width="525" height="295" src="https://www.youtube.com/embed/m8Y1s97qIGw?feature=oembed" frameborder="0" allow="accelerometer; autoplay; clipboard-write; encrypted-media; gyroscope; picture-in-picture; web-share" referrerpolicy="strict-origin-when-cross-origin" allowfullscreen></iframe>
</div><figcaption class="wp-element-caption">Unsere Schulfilm</figcaption></figure>



<p></p>



<p>Ein Schuljahr an der Gerlachschule ist geprägt durch viele Rituale, Feste und gemeinsame Aktivitäten. Viele Aktionen werden mit der ganzen Schule gemeinsam gemacht, manche nur in einzelnen Jahrgängen, andere jahrgangsübergreifend. <br>Vom jährlichen <strong>Waldtag</strong>, monatlichen <strong>gesunden Frühstück </strong>bis zur wöchentlich stattfindenen <strong>AG</strong> und dem täglichen Einrad fahren. Hier ist für jeden etwas dabei! </p>



<figure class="wp-block-gallery has-nested-images columns-default is-cropped wp-block-gallery-1 is-layout-flex wp-block-gallery-is-layout-flex">
<figure class="wp-block-image size-large"><img loading="lazy" decoding="async" width="768" height="1024" data-id="255" src="https://gerlachschule-aachen.de/wp-content/uploads/2019/11/signal-attachment-2019-11-02-145929-768x1024.jpeg" alt="" class="wp-image-255" srcset="https://gerlachschule-aachen.de/wp-content/uploads/2019/11/signal-attachment-2019-11-02-145929-768x1024.jpeg 768w, https://gerlachschule-aachen.de/wp-content/uploads/2019/11/signal-attachment-2019-11-02-145929-225x300.jpeg 225w" sizes="auto, (max-width: 767px) 89vw, (max-width: 1000px) 54vw, (max-width: 1071px) 543px, 580px" /></figure>



<figure class="wp-block-image size-large"><img loading="lazy" decoding="async" width="1024" height="1024" data-id="279" src="https://gerlachschule-aachen.de/wp-content/uploads/2019/11/IMG-20181109-WA0004-1024x1024.jpg" alt="" class="wp-image-279" srcset="https://gerlachschule-aachen.de/wp-content/uploads/2019/11/IMG-20181109-WA0004-1024x1024.jpg 1024w, https://gerlachschule-aachen.de/wp-content/uploads/2019/11/IMG-20181109-WA0004-150x150.jpg 150w, https://gerlachschule-aachen.de/wp-content/uploads/2019/11/IMG-20181109-WA0004-300x300.jpg 300w, https://gerlachschule-aachen.de/wp-content/uploads/2019/11/IMG-20181109-WA0004-768x768.jpg 768w, https://gerlachschule-aachen.de/wp-content/uploads/2019/11/IMG-20181109-WA0004-100x100.jpg 100w, https://gerlachschule-aachen.de/wp-content/uploads/2019/11/IMG-20181109-WA0004.jpg 1080w" sizes="auto, (max-width: 767px) 89vw, (max-width: 1000px) 54vw, (max-width: 1071px) 543px, 580px" /></figure>



<figure class="wp-block-image size-large"><img loading="lazy" decoding="async" width="1024" height="768" data-id="172" src="https://gerlachschule-aachen.de/wp-content/uploads/2019/10/Einräder-1024x768.jpg" alt="" class="wp-image-172" srcset="https://gerlachschule-aachen.de/wp-content/uploads/2019/10/Einräder-1024x768.jpg 1024w, https://gerlachschule-aachen.de/wp-content/uploads/2019/10/Einräder-300x225.jpg 300w, https://gerlachschule-aachen.de/wp-content/uploads/2019/10/Einräder-768x576.jpg 768w" sizes="auto, (max-width: 767px) 89vw, (max-width: 1000px) 54vw, (max-width: 1071px) 543px, 580px" /></figure>
</figure>



<p></p>

<p>Unser Schulfilm In diesem Film erhalten Sie einen kleinen Einblick in unser Schulgebäude und unser Schulleben! Viel Spaß beim Anschauen! Ein Schuljahr an der Gerlachschule ist geprägt durch viele Rituale, Feste und gemeinsame Aktivitäten. Viele Aktionen werden mit der ganzen Schule gemeinsam gemacht, manche nur in einzelnen Jahrgängen, andere jahrgangsübergreifend. Vom jährlichen Waldtag, monatlichen gesunden &hellip; </p>
<p class="link-more"><a href="https://gerlachschule-aachen.de/index.php/unser-schulleben/" class="more-link"><span class="screen-reader-text">„Unser Schulleben“ </span>weiterlesen</a></p>
