{"id":1708,"date":"2022-01-20T10:48:28","date_gmt":"2022-01-20T10:48:28","guid":{"rendered":"https:\/\/gerlachschule-aachen.de\/?page_id=1708"},"modified":"2024-06-25T14:24:30","modified_gmt":"2024-06-25T14:24:30","slug":"corona-informationen","status":"publish","type":"page","link":"https:\/\/gerlachschule-aachen.de\/index.php\/corona-informationen\/","title":{"rendered":"Was tun bei Krankheit?!"},"content":{"rendered":"\n<p>\u200b<\/p>\n\n\n\n<p class=\"has-luminous-vivid-orange-color has-text-color has-medium-font-size\"><strong>Bitte schicken Sie Ihr Kind nur gesund in die Schule!<\/strong><br><\/p>\n\n\n\n<p class=\"has-medium-font-size\"><strong>Mein Kind ist krank! Und nun?<\/strong><br><\/p>\n\n\n\n<ul class=\"wp-block-list\">\n<li>Bitte rufen Sie im <a href=\"https:\/\/gerlachschule-aachen.de\/index.php\/rektorat\/\">Sekretariat<\/a> an. Gerne k\u00f6nnen Sie auch auf den AB sprechen oder eine Mail schreiben, wenn das Sekretariat nicht besetzt sein sollte!<\/li>\n\n\n\n<li><strong>Bitte nennen Sie deutlich den Namen des Kindes, sowie die Klasse und die Klassenleitung! <\/strong><\/li>\n\n\n\n<li>Kontaktieren Sie die<a href=\"https:\/\/gerlachschule-aachen.de\/index.php\/ogs-kontakt\/\"> OGS \u00fcber Mail oder telefonisch<\/a>.<\/li>\n\n\n\n<li>Wenn Ihr Kind wieder gesund ist, geben Sie eine schriftliche Entschuldigung f\u00fcr die Klassenleitung mit! <\/li>\n<\/ul>\n\n\n\n<p>Vielen Dank f\u00fcr Ihre Mitarbeit!<\/p>\n\n\n\n<p class=\"has-luminous-vivid-amber-background-color has-background has-medium-font-size\"><strong>Bitte beachten Sie die folgenden Informationen!<\/strong><\/p>\n\n\n\n<p>Hier sind <strong>Informationen <\/strong>zum richtigen Verhalten bei Krankheit Ihres Kindes: <a href=\"https:\/\/gerlachschule-aachen.de\/wp-content\/uploads\/2024\/06\/Elterninfo_zur_Wiederzulassung_Stand_Mai_2024.pdf\" data-type=\"link\" data-id=\"https:\/\/gerlachschule-aachen.de\/wp-content\/uploads\/2024\/06\/Elterninfo_zur_Wiederzulassung_Stand_Mai_2024.pdf\">Elterninfos<\/a> und <a href=\"https:\/\/gerlachschule-aachen.de\/wp-content\/uploads\/2024\/06\/Wiederzulassungstabelle_fuer_Gemeinschaftseinrichtungen_Stand_Mai_2024.pdf\" data-type=\"link\" data-id=\"https:\/\/gerlachschule-aachen.de\/wp-content\/uploads\/2024\/06\/Wiederzulassungstabelle_fuer_Gemeinschaftseinrichtungen_Stand_Mai_2024.pdf\">Wiederzulassungstabelle mit \u00dcbersicht<\/a>. <\/p>\n\n\n\n<p>Hier finden Sie Elterninformationen zu <a href=\"https:\/\/gerlachschule-aachen.de\/wp-content\/uploads\/2024\/06\/Windpocken_Elterninfo.pdf\" data-type=\"attachment\" data-id=\"3865\">Windpocken<\/a>.<\/p>\n\n\n\n<p><\/p>\n\n\n\n<p>Damit wir alle gesund bleiben und uns an der Gerlachschule bestm\u00f6glich sch\u00fctzen k\u00f6nnen, achten wir im Schulalltag stets auf folgende Regeln :<\/p>\n\n\n\n<ul class=\"wp-block-list\">\n<li>Morgens und vor dem Essen waschen wir uns gr\u00fcndlich die H\u00e4nde!<\/li>\n\n\n\n<li>In allen Klassenr\u00e4umen befinden sich Luftfilter. Zus\u00e4tzlich wird regelm\u00e4\u00dfig gel\u00fcftet.<\/li>\n<\/ul>\n","protected":false},"excerpt":{"rendered":"<p>\u200b Bitte schicken Sie Ihr Kind nur gesund in die Schule! Mein Kind ist krank! Und nun? Vielen Dank f\u00fcr Ihre Mitarbeit! Bitte beachten Sie die folgenden Informationen! Hier sind Informationen zum richtigen Verhalten bei Krankheit Ihres Kindes: Elterninfos und Wiederzulassungstabelle mit \u00dcbersicht. Hier finden Sie Elterninformationen zu Windpocken. Damit wir alle gesund bleiben und &hellip; <\/p>\n<p class=\"link-more\"><a href=\"https:\/\/gerlachschule-aachen.de\/index.php\/corona-informationen\/\" class=\"more-link\"><span class=\"screen-reader-text\">\u201eWas tun bei Krankheit?!\u201c <\/span>weiterlesen<\/a><\/p>\n","protected":false},"author":2,"featured_media":0,"parent":0,"menu_order":0,"comment_status":"closed","ping_status":"closed","template":"","meta":{"footnotes":""},"class_list":["post-1708","page","type-page","status-publish","hentry"],"_links":{"self":[{"href":"https:\/\/gerlachschule-aachen.de\/index.php\/wp-json\/wp\/v2\/pages\/1708","targetHints":{"allow":["GET"]}}],"collection":[{"href":"https:\/\/gerlachschule-aachen.de\/index.php\/wp-json\/wp\/v2\/pages"}],"about":[{"href":"https:\/\/gerlachschule-aachen.de\/index.php\/wp-json\/wp\/v2\/types\/page"}],"author":[{"embeddable":true,"href":"https:\/\/gerlachschule-aachen.de\/index.php\/wp-json\/wp\/v2\/users\/2"}],"replies":[{"embeddable":true,"href":"https:\/\/gerlachschule-aachen.de\/index.php\/wp-json\/wp\/v2\/comments?post=1708"}],"version-history":[{"count":41,"href":"https:\/\/gerlachschule-aachen.de\/index.php\/wp-json\/wp\/v2\/pages\/1708\/revisions"}],"predecessor-version":[{"id":3866,"href":"https:\/\/gerlachschule-aachen.de\/index.php\/wp-json\/wp\/v2\/pages\/1708\/revisions\/3866"}],"wp:attachment":[{"href":"https:\/\/gerlachschule-aachen.de\/index.php\/wp-json\/wp\/v2\/media?parent=1708"}],"curies":[{"name":"wp","href":"https:\/\/api.w.org\/{rel}","templated":true}]}}