{"id":287,"date":"2019-11-14T19:34:50","date_gmt":"2019-11-14T19:34:50","guid":{"rendered":"http:\/\/dev.gerlachschule-aachen.de\/?page_id=287"},"modified":"2024-03-04T08:18:03","modified_gmt":"2024-03-04T08:18:03","slug":"mitwirkung","status":"publish","type":"page","link":"https:\/\/gerlachschule-aachen.de\/index.php\/mitwirkung\/","title":{"rendered":"Mitwirkung"},"content":{"rendered":"\n<p>Liebe Eltern,<br><br>damit unsere Angebote f\u00fcr die Kinder weiterhin so reibungslos ablaufen, w\u00fcrden wir uns freuen, wenn Sie unsere Schule weiterhin tatkr\u00e4ftig unterst\u00fctzen. Direkte Ansprechpartner finden Sie im Text. Sollte dies mal nicht funktionieren, so melden Sie sich bitte im Sekretariat. VIELEN DANK !<br><br>Ihr Team der Gerlachschule<br><\/p>\n\n\n\n<p class=\"has-medium-font-size\">Gesundes Fr\u00fchst\u00fcck<\/p>\n\n\n\n<div class=\"wp-block-group\"><div class=\"wp-block-group__inner-container is-layout-flow wp-block-group-is-layout-flow\">\n<figure class=\"wp-block-gallery has-nested-images columns-default is-cropped wp-block-gallery-1 is-layout-flex wp-block-gallery-is-layout-flex\">\n<figure class=\"wp-block-image size-large\"><img loading=\"lazy\" decoding=\"async\" width=\"768\" height=\"1024\" data-id=\"396\" src=\"http:\/\/dev.gerlachschule-aachen.de\/wp-content\/uploads\/2019\/11\/GesundesFr\u00fchst\u00fcck2-768x1024.jpg\" alt=\"\" class=\"wp-image-396\" srcset=\"https:\/\/gerlachschule-aachen.de\/wp-content\/uploads\/2019\/11\/GesundesFr\u00fchst\u00fcck2-768x1024.jpg 768w, https:\/\/gerlachschule-aachen.de\/wp-content\/uploads\/2019\/11\/GesundesFr\u00fchst\u00fcck2-225x300.jpg 225w, https:\/\/gerlachschule-aachen.de\/wp-content\/uploads\/2019\/11\/GesundesFr\u00fchst\u00fcck2-1152x1536.jpg 1152w, https:\/\/gerlachschule-aachen.de\/wp-content\/uploads\/2019\/11\/GesundesFr\u00fchst\u00fcck2-1536x2048.jpg 1536w, https:\/\/gerlachschule-aachen.de\/wp-content\/uploads\/2019\/11\/GesundesFr\u00fchst\u00fcck2-scaled.jpg 1920w\" sizes=\"auto, (max-width: 767px) 89vw, (max-width: 1000px) 54vw, (max-width: 1071px) 543px, 580px\" \/><\/figure>\n\n\n\n<figure class=\"wp-block-image size-large\"><img loading=\"lazy\" decoding=\"async\" width=\"1024\" height=\"768\" data-id=\"397\" src=\"http:\/\/dev.gerlachschule-aachen.de\/wp-content\/uploads\/2019\/11\/GesundesFr\u00fchst\u00fcck3-1024x768.jpg\" alt=\"\" class=\"wp-image-397\" srcset=\"https:\/\/gerlachschule-aachen.de\/wp-content\/uploads\/2019\/11\/GesundesFr\u00fchst\u00fcck3-1024x768.jpg 1024w, https:\/\/gerlachschule-aachen.de\/wp-content\/uploads\/2019\/11\/GesundesFr\u00fchst\u00fcck3-300x225.jpg 300w, https:\/\/gerlachschule-aachen.de\/wp-content\/uploads\/2019\/11\/GesundesFr\u00fchst\u00fcck3-768x576.jpg 768w, https:\/\/gerlachschule-aachen.de\/wp-content\/uploads\/2019\/11\/GesundesFr\u00fchst\u00fcck3-1536x1152.jpg 1536w, https:\/\/gerlachschule-aachen.de\/wp-content\/uploads\/2019\/11\/GesundesFr\u00fchst\u00fcck3-2048x1536.jpg 2048w\" sizes=\"auto, (max-width: 767px) 89vw, (max-width: 1000px) 54vw, (max-width: 1071px) 543px, 580px\" \/><\/figure>\n<\/figure>\n<\/div><\/div>\n\n\n\n<p>Einmal im Monat wird den Kindern ein <em>gesundes Fr\u00fchst\u00fcck<\/em> angeboten. Dieses wird durch einige M\u00fctter vorbereitet. Dieses Team freut sich immer \u00fcber Verst\u00e4rkung. Zur Zeit leitet dieses Team Frau Jalal. Falls Sie Lust und Zeit haben zu helfen, melden Sie sich bitte bei Frau R\u00f6mer, Klassenlehrerin der 2a, oder schicken Sie eine Mail an:<\/p>\n\n\n\n<p><a href=\"mailto:gesundesfruehstueck@gerlachschule-aachen.de\">gesundesfruehstueck@gerlachschule-aachen.de<\/a><br><br><\/p>\n\n\n\n<p class=\"has-medium-font-size\">B\u00fccherpavillon<\/p>\n\n\n\n<figure class=\"wp-block-image size-large\"><img loading=\"lazy\" decoding=\"async\" width=\"1024\" height=\"768\" src=\"https:\/\/gerlachschule-aachen.de\/wp-content\/uploads\/2019\/11\/IMG-20191129-WA0002-1024x768.jpg\" alt=\"\" class=\"wp-image-400\" srcset=\"https:\/\/gerlachschule-aachen.de\/wp-content\/uploads\/2019\/11\/IMG-20191129-WA0002-1024x768.jpg 1024w, https:\/\/gerlachschule-aachen.de\/wp-content\/uploads\/2019\/11\/IMG-20191129-WA0002-300x225.jpg 300w, https:\/\/gerlachschule-aachen.de\/wp-content\/uploads\/2019\/11\/IMG-20191129-WA0002-768x576.jpg 768w, https:\/\/gerlachschule-aachen.de\/wp-content\/uploads\/2019\/11\/IMG-20191129-WA0002-1536x1152.jpg 1536w, https:\/\/gerlachschule-aachen.de\/wp-content\/uploads\/2019\/11\/IMG-20191129-WA0002.jpg 1600w\" sizes=\"auto, (max-width: 767px) 89vw, (max-width: 1000px) 54vw, (max-width: 1071px) 543px, 580px\" \/><\/figure>\n\n\n\n<p>In den letzten Jahren konnte sich unsere Bibliothek um einiges vergr\u00f6\u00dfern! Vielen Dank an Ihre Spenden!<\/p>\n\n\n\n<figure class=\"wp-block-image size-large\"><img loading=\"lazy\" decoding=\"async\" width=\"1024\" height=\"768\" src=\"https:\/\/gerlachschule-aachen.de\/wp-content\/uploads\/2023\/05\/Bib-Buecher-scaled-e1684142551587-1024x768.jpeg\" alt=\"\" class=\"wp-image-3085\" srcset=\"https:\/\/gerlachschule-aachen.de\/wp-content\/uploads\/2023\/05\/Bib-Buecher-scaled-e1684142551587-1024x768.jpeg 1024w, https:\/\/gerlachschule-aachen.de\/wp-content\/uploads\/2023\/05\/Bib-Buecher-scaled-e1684142551587-300x225.jpeg 300w, https:\/\/gerlachschule-aachen.de\/wp-content\/uploads\/2023\/05\/Bib-Buecher-scaled-e1684142551587-768x576.jpeg 768w, https:\/\/gerlachschule-aachen.de\/wp-content\/uploads\/2023\/05\/Bib-Buecher-scaled-e1684142551587-1536x1152.jpeg 1536w, https:\/\/gerlachschule-aachen.de\/wp-content\/uploads\/2023\/05\/Bib-Buecher-scaled-e1684142551587-2048x1536.jpeg 2048w\" sizes=\"auto, (max-width: 767px) 89vw, (max-width: 1000px) 54vw, (max-width: 1071px) 543px, 580px\" \/><\/figure>\n\n\n\n<p>Dank der Einnahmen vom Waffelverkauf am Tag der offenen T\u00fcr konnten wir diese B\u00fccher f\u00fcr unseren B\u00fccherpavillon erwerben! Vielen Dank f\u00fcr die flei\u00dfigen Waffelb\u00e4cker und Waffelesser!<\/p>\n\n\n\n<figure class=\"wp-block-image size-large\"><img loading=\"lazy\" decoding=\"async\" width=\"1024\" height=\"768\" src=\"https:\/\/gerlachschule-aachen.de\/wp-content\/uploads\/2023\/05\/Bib1-1024x768.jpeg\" alt=\"\" class=\"wp-image-3086\" srcset=\"https:\/\/gerlachschule-aachen.de\/wp-content\/uploads\/2023\/05\/Bib1-1024x768.jpeg 1024w, https:\/\/gerlachschule-aachen.de\/wp-content\/uploads\/2023\/05\/Bib1-300x225.jpeg 300w, https:\/\/gerlachschule-aachen.de\/wp-content\/uploads\/2023\/05\/Bib1-768x576.jpeg 768w, https:\/\/gerlachschule-aachen.de\/wp-content\/uploads\/2023\/05\/Bib1-1536x1152.jpeg 1536w, https:\/\/gerlachschule-aachen.de\/wp-content\/uploads\/2023\/05\/Bib1-2048x1536.jpeg 2048w\" sizes=\"auto, (max-width: 767px) 89vw, (max-width: 1000px) 54vw, (max-width: 1071px) 543px, 580px\" \/><\/figure>\n\n\n\n<p>Jeden Freitag ist der von Eltern ins Leben gerufene und organisierte B\u00fccherpavillon ge\u00f6ffnet. Hier k\u00f6nnen die Kinder in B\u00fcchern st\u00f6bern und diese auch ausleihen.<br>Sollten Sie gut erhaltene B\u00fccher spenden wollen, so melden Sie sich bitte bei Frau K\u00f6nigsmann.<\/p>\n\n\n\n<p>koenigsmann@gerlachschule-aachen.de<br><br>Gerne k\u00f6nnen Sie auch freitags in den Bibliotheksbetrieb reinschnuppern und mithelfen.<\/p>\n\n\n\n<p class=\"has-medium-font-size\">Sankt Martin Transparente<\/p>\n\n\n\n<figure class=\"wp-block-image size-large\"><img loading=\"lazy\" decoding=\"async\" width=\"600\" height=\"450\" src=\"http:\/\/dev.gerlachschule-aachen.de\/wp-content\/uploads\/2019\/10\/Schule-zu-StMartin.jpg\" alt=\"\" class=\"wp-image-194\" srcset=\"https:\/\/gerlachschule-aachen.de\/wp-content\/uploads\/2019\/10\/Schule-zu-StMartin.jpg 600w, https:\/\/gerlachschule-aachen.de\/wp-content\/uploads\/2019\/10\/Schule-zu-StMartin-300x225.jpg 300w\" sizes=\"auto, (max-width: 600px) 100vw, 600px\" \/><\/figure>\n\n\n\n<p>Seit 1974 wird unsere Schule zu St. Martin immer mit gro\u00dfen Transparenten wie eine \u00fcbergro\u00dfe Laterne geschm\u00fcckt. Diese Transparente sind teilweise schon sehr alt und m\u00fcssen dringend erneuert werden. Sollten Sie dabei mithelfen wollen, so melden Sie sich bitte bei einer Klassenlehrerin.<\/p>\n","protected":false},"excerpt":{"rendered":"<p>Liebe Eltern, damit unsere Angebote f\u00fcr die Kinder weiterhin so reibungslos ablaufen, w\u00fcrden wir uns freuen, wenn Sie unsere Schule weiterhin tatkr\u00e4ftig unterst\u00fctzen. Direkte Ansprechpartner finden Sie im Text. Sollte dies mal nicht funktionieren, so melden Sie sich bitte im Sekretariat. VIELEN DANK ! Ihr Team der Gerlachschule Gesundes Fr\u00fchst\u00fcck Einmal im Monat wird den &hellip; <\/p>\n<p class=\"link-more\"><a href=\"https:\/\/gerlachschule-aachen.de\/index.php\/mitwirkung\/\" class=\"more-link\"><span class=\"screen-reader-text\">\u201eMitwirkung\u201c <\/span>weiterlesen<\/a><\/p>\n","protected":false},"author":1,"featured_media":0,"parent":0,"menu_order":0,"comment_status":"closed","ping_status":"closed","template":"","meta":{"footnotes":""},"class_list":["post-287","page","type-page","status-publish","hentry"],"_links":{"self":[{"href":"https:\/\/gerlachschule-aachen.de\/index.php\/wp-json\/wp\/v2\/pages\/287","targetHints":{"allow":["GET"]}}],"collection":[{"href":"https:\/\/gerlachschule-aachen.de\/index.php\/wp-json\/wp\/v2\/pages"}],"about":[{"href":"https:\/\/gerlachschule-aachen.de\/index.php\/wp-json\/wp\/v2\/types\/page"}],"author":[{"embeddable":true,"href":"https:\/\/gerlachschule-aachen.de\/index.php\/wp-json\/wp\/v2\/users\/1"}],"replies":[{"embeddable":true,"href":"https:\/\/gerlachschule-aachen.de\/index.php\/wp-json\/wp\/v2\/comments?post=287"}],"version-history":[{"count":23,"href":"https:\/\/gerlachschule-aachen.de\/index.php\/wp-json\/wp\/v2\/pages\/287\/revisions"}],"predecessor-version":[{"id":3558,"href":"https:\/\/gerlachschule-aachen.de\/index.php\/wp-json\/wp\/v2\/pages\/287\/revisions\/3558"}],"wp:attachment":[{"href":"https:\/\/gerlachschule-aachen.de\/index.php\/wp-json\/wp\/v2\/media?parent=287"}],"curies":[{"name":"wp","href":"https:\/\/api.w.org\/{rel}","templated":true}]}}

<p>Liebe Eltern,<br><br>damit unsere Angebote für die Kinder weiterhin so reibungslos ablaufen, würden wir uns freuen, wenn Sie unsere Schule weiterhin tatkräftig unterstützen. Direkte Ansprechpartner finden Sie im Text. Sollte dies mal nicht funktionieren, so melden Sie sich bitte im Sekretariat. VIELEN DANK !<br><br>Ihr Team der Gerlachschule<br></p>



<p class="has-medium-font-size">Gesundes Frühstück</p>



<div class="wp-block-group"><div class="wp-block-group__inner-container is-layout-flow wp-block-group-is-layout-flow">
<figure class="wp-block-gallery has-nested-images columns-default is-cropped wp-block-gallery-1 is-layout-flex wp-block-gallery-is-layout-flex">
<figure class="wp-block-image size-large"><img loading="lazy" decoding="async" width="768" height="1024" data-id="396" src="http://dev.gerlachschule-aachen.de/wp-content/uploads/2019/11/GesundesFrühstück2-768x1024.jpg" alt="" class="wp-image-396" srcset="https://gerlachschule-aachen.de/wp-content/uploads/2019/11/GesundesFrühstück2-768x1024.jpg 768w, https://gerlachschule-aachen.de/wp-content/uploads/2019/11/GesundesFrühstück2-225x300.jpg 225w, https://gerlachschule-aachen.de/wp-content/uploads/2019/11/GesundesFrühstück2-1152x1536.jpg 1152w, https://gerlachschule-aachen.de/wp-content/uploads/2019/11/GesundesFrühstück2-1536x2048.jpg 1536w, https://gerlachschule-aachen.de/wp-content/uploads/2019/11/GesundesFrühstück2-scaled.jpg 1920w" sizes="auto, (max-width: 767px) 89vw, (max-width: 1000px) 54vw, (max-width: 1071px) 543px, 580px" /></figure>



<figure class="wp-block-image size-large"><img loading="lazy" decoding="async" width="1024" height="768" data-id="397" src="http://dev.gerlachschule-aachen.de/wp-content/uploads/2019/11/GesundesFrühstück3-1024x768.jpg" alt="" class="wp-image-397" srcset="https://gerlachschule-aachen.de/wp-content/uploads/2019/11/GesundesFrühstück3-1024x768.jpg 1024w, https://gerlachschule-aachen.de/wp-content/uploads/2019/11/GesundesFrühstück3-300x225.jpg 300w, https://gerlachschule-aachen.de/wp-content/uploads/2019/11/GesundesFrühstück3-768x576.jpg 768w, https://gerlachschule-aachen.de/wp-content/uploads/2019/11/GesundesFrühstück3-1536x1152.jpg 1536w, https://gerlachschule-aachen.de/wp-content/uploads/2019/11/GesundesFrühstück3-2048x1536.jpg 2048w" sizes="auto, (max-width: 767px) 89vw, (max-width: 1000px) 54vw, (max-width: 1071px) 543px, 580px" /></figure>
</figure>
</div></div>



<p>Einmal im Monat wird den Kindern ein <em>gesundes Frühstück</em> angeboten. Dieses wird durch einige Mütter vorbereitet. Dieses Team freut sich immer über Verstärkung. Zur Zeit leitet dieses Team Frau Jalal. Falls Sie Lust und Zeit haben zu helfen, melden Sie sich bitte bei Frau Römer, Klassenlehrerin der 2a, oder schicken Sie eine Mail an:</p>



<p><a href="mailto:gesundesfruehstueck@gerlachschule-aachen.de">gesundesfruehstueck@gerlachschule-aachen.de</a><br><br></p>



<p class="has-medium-font-size">Bücherpavillon</p>



<figure class="wp-block-image size-large"><img loading="lazy" decoding="async" width="1024" height="768" src="https://gerlachschule-aachen.de/wp-content/uploads/2019/11/IMG-20191129-WA0002-1024x768.jpg" alt="" class="wp-image-400" srcset="https://gerlachschule-aachen.de/wp-content/uploads/2019/11/IMG-20191129-WA0002-1024x768.jpg 1024w, https://gerlachschule-aachen.de/wp-content/uploads/2019/11/IMG-20191129-WA0002-300x225.jpg 300w, https://gerlachschule-aachen.de/wp-content/uploads/2019/11/IMG-20191129-WA0002-768x576.jpg 768w, https://gerlachschule-aachen.de/wp-content/uploads/2019/11/IMG-20191129-WA0002-1536x1152.jpg 1536w, https://gerlachschule-aachen.de/wp-content/uploads/2019/11/IMG-20191129-WA0002.jpg 1600w" sizes="auto, (max-width: 767px) 89vw, (max-width: 1000px) 54vw, (max-width: 1071px) 543px, 580px" /></figure>



<p>In den letzten Jahren konnte sich unsere Bibliothek um einiges vergrößern! Vielen Dank an Ihre Spenden!</p>



<figure class="wp-block-image size-large"><img loading="lazy" decoding="async" width="1024" height="768" src="https://gerlachschule-aachen.de/wp-content/uploads/2023/05/Bib-Buecher-scaled-e1684142551587-1024x768.jpeg" alt="" class="wp-image-3085" srcset="https://gerlachschule-aachen.de/wp-content/uploads/2023/05/Bib-Buecher-scaled-e1684142551587-1024x768.jpeg 1024w, https://gerlachschule-aachen.de/wp-content/uploads/2023/05/Bib-Buecher-scaled-e1684142551587-300x225.jpeg 300w, https://gerlachschule-aachen.de/wp-content/uploads/2023/05/Bib-Buecher-scaled-e1684142551587-768x576.jpeg 768w, https://gerlachschule-aachen.de/wp-content/uploads/2023/05/Bib-Buecher-scaled-e1684142551587-1536x1152.jpeg 1536w, https://gerlachschule-aachen.de/wp-content/uploads/2023/05/Bib-Buecher-scaled-e1684142551587-2048x1536.jpeg 2048w" sizes="auto, (max-width: 767px) 89vw, (max-width: 1000px) 54vw, (max-width: 1071px) 543px, 580px" /></figure>



<p>Dank der Einnahmen vom Waffelverkauf am Tag der offenen Tür konnten wir diese Bücher für unseren Bücherpavillon erwerben! Vielen Dank für die fleißigen Waffelbäcker und Waffelesser!</p>



<figure class="wp-block-image size-large"><img loading="lazy" decoding="async" width="1024" height="768" src="https://gerlachschule-aachen.de/wp-content/uploads/2023/05/Bib1-1024x768.jpeg" alt="" class="wp-image-3086" srcset="https://gerlachschule-aachen.de/wp-content/uploads/2023/05/Bib1-1024x768.jpeg 1024w, https://gerlachschule-aachen.de/wp-content/uploads/2023/05/Bib1-300x225.jpeg 300w, https://gerlachschule-aachen.de/wp-content/uploads/2023/05/Bib1-768x576.jpeg 768w, https://gerlachschule-aachen.de/wp-content/uploads/2023/05/Bib1-1536x1152.jpeg 1536w, https://gerlachschule-aachen.de/wp-content/uploads/2023/05/Bib1-2048x1536.jpeg 2048w" sizes="auto, (max-width: 767px) 89vw, (max-width: 1000px) 54vw, (max-width: 1071px) 543px, 580px" /></figure>



<p>Jeden Freitag ist der von Eltern ins Leben gerufene und organisierte Bücherpavillon geöffnet. Hier können die Kinder in Büchern stöbern und diese auch ausleihen.<br>Sollten Sie gut erhaltene Bücher spenden wollen, so melden Sie sich bitte bei Frau Königsmann.</p>



<p>koenigsmann@gerlachschule-aachen.de<br><br>Gerne können Sie auch freitags in den Bibliotheksbetrieb reinschnuppern und mithelfen.</p>



<p class="has-medium-font-size">Sankt Martin Transparente</p>



<figure class="wp-block-image size-large"><img loading="lazy" decoding="async" width="600" height="450" src="http://dev.gerlachschule-aachen.de/wp-content/uploads/2019/10/Schule-zu-StMartin.jpg" alt="" class="wp-image-194" srcset="https://gerlachschule-aachen.de/wp-content/uploads/2019/10/Schule-zu-StMartin.jpg 600w, https://gerlachschule-aachen.de/wp-content/uploads/2019/10/Schule-zu-StMartin-300x225.jpg 300w" sizes="auto, (max-width: 600px) 100vw, 600px" /></figure>



<p>Seit 1974 wird unsere Schule zu St. Martin immer mit großen Transparenten wie eine übergroße Laterne geschmückt. Diese Transparente sind teilweise schon sehr alt und müssen dringend erneuert werden. Sollten Sie dabei mithelfen wollen, so melden Sie sich bitte bei einer Klassenlehrerin.</p>

<p>Liebe Eltern, damit unsere Angebote für die Kinder weiterhin so reibungslos ablaufen, würden wir uns freuen, wenn Sie unsere Schule weiterhin tatkräftig unterstützen. Direkte Ansprechpartner finden Sie im Text. Sollte dies mal nicht funktionieren, so melden Sie sich bitte im Sekretariat. VIELEN DANK ! Ihr Team der Gerlachschule Gesundes Frühstück Einmal im Monat wird den &hellip; </p>
<p class="link-more"><a href="https://gerlachschule-aachen.de/index.php/mitwirkung/" class="more-link"><span class="screen-reader-text">„Mitwirkung“ </span>weiterlesen</a></p>
