{"id":3214,"date":"2023-08-15T07:18:20","date_gmt":"2023-08-15T07:18:20","guid":{"rendered":"https:\/\/gerlachschule-aachen.de\/?page_id=3214"},"modified":"2024-03-04T08:11:54","modified_gmt":"2024-03-04T08:11:54","slug":"buecherpavillon","status":"publish","type":"page","link":"https:\/\/gerlachschule-aachen.de\/index.php\/unser-schulleben\/buecherpavillon\/","title":{"rendered":"B\u00fccherpavillon"},"content":{"rendered":"\n<p class=\"has-medium-font-size\"><\/p>\n\n\n\n<figure class=\"wp-block-image size-large\"><img loading=\"lazy\" decoding=\"async\" width=\"1024\" height=\"768\" src=\"https:\/\/gerlachschule-aachen.de\/wp-content\/uploads\/2019\/11\/IMG-20191129-WA0002-1024x768.jpg\" alt=\"\" class=\"wp-image-400\" srcset=\"https:\/\/gerlachschule-aachen.de\/wp-content\/uploads\/2019\/11\/IMG-20191129-WA0002-1024x768.jpg 1024w, https:\/\/gerlachschule-aachen.de\/wp-content\/uploads\/2019\/11\/IMG-20191129-WA0002-300x225.jpg 300w, https:\/\/gerlachschule-aachen.de\/wp-content\/uploads\/2019\/11\/IMG-20191129-WA0002-768x576.jpg 768w, https:\/\/gerlachschule-aachen.de\/wp-content\/uploads\/2019\/11\/IMG-20191129-WA0002-1536x1152.jpg 1536w, https:\/\/gerlachschule-aachen.de\/wp-content\/uploads\/2019\/11\/IMG-20191129-WA0002.jpg 1600w\" sizes=\"auto, (max-width: 767px) 89vw, (max-width: 1000px) 54vw, (max-width: 1071px) 543px, 580px\" \/><\/figure>\n\n\n\n<p>In den letzten Jahren konnte sich unsere Bibliothek um einiges vergr\u00f6\u00dfern! Vielen Dank an Ihre Spenden!<\/p>\n\n\n\n<figure class=\"wp-block-image size-large\"><img loading=\"lazy\" decoding=\"async\" width=\"1024\" height=\"768\" src=\"https:\/\/gerlachschule-aachen.de\/wp-content\/uploads\/2023\/05\/Bib-Buecher-scaled-e1684142551587-1024x768.jpeg\" alt=\"\" class=\"wp-image-3085\" srcset=\"https:\/\/gerlachschule-aachen.de\/wp-content\/uploads\/2023\/05\/Bib-Buecher-scaled-e1684142551587-1024x768.jpeg 1024w, https:\/\/gerlachschule-aachen.de\/wp-content\/uploads\/2023\/05\/Bib-Buecher-scaled-e1684142551587-300x225.jpeg 300w, https:\/\/gerlachschule-aachen.de\/wp-content\/uploads\/2023\/05\/Bib-Buecher-scaled-e1684142551587-768x576.jpeg 768w, https:\/\/gerlachschule-aachen.de\/wp-content\/uploads\/2023\/05\/Bib-Buecher-scaled-e1684142551587-1536x1152.jpeg 1536w, https:\/\/gerlachschule-aachen.de\/wp-content\/uploads\/2023\/05\/Bib-Buecher-scaled-e1684142551587-2048x1536.jpeg 2048w\" sizes=\"auto, (max-width: 767px) 89vw, (max-width: 1000px) 54vw, (max-width: 1071px) 543px, 580px\" \/><\/figure>\n\n\n\n<p>Dank der Einnahmen vom Waffelverkauf am Tag der offenen T\u00fcr konnten wir diese B\u00fccher f\u00fcr unseren B\u00fccherpavillon erwerben! Vielen Dank f\u00fcr die flei\u00dfigen Waffelb\u00e4cker und Waffelesser!<\/p>\n\n\n\n<figure class=\"wp-block-image size-large\"><img loading=\"lazy\" decoding=\"async\" width=\"1024\" height=\"768\" src=\"https:\/\/gerlachschule-aachen.de\/wp-content\/uploads\/2023\/05\/Bib1-1024x768.jpeg\" alt=\"\" class=\"wp-image-3086\" srcset=\"https:\/\/gerlachschule-aachen.de\/wp-content\/uploads\/2023\/05\/Bib1-1024x768.jpeg 1024w, https:\/\/gerlachschule-aachen.de\/wp-content\/uploads\/2023\/05\/Bib1-300x225.jpeg 300w, https:\/\/gerlachschule-aachen.de\/wp-content\/uploads\/2023\/05\/Bib1-768x576.jpeg 768w, https:\/\/gerlachschule-aachen.de\/wp-content\/uploads\/2023\/05\/Bib1-1536x1152.jpeg 1536w, https:\/\/gerlachschule-aachen.de\/wp-content\/uploads\/2023\/05\/Bib1-2048x1536.jpeg 2048w\" sizes=\"auto, (max-width: 767px) 89vw, (max-width: 1000px) 54vw, (max-width: 1071px) 543px, 580px\" \/><\/figure>\n\n\n\n<p>Jeden Freitag ist der von Eltern ins Leben gerufene und organisierte B\u00fccherpavillon ge\u00f6ffnet. Hier k\u00f6nnen die Kinder in B\u00fcchern st\u00f6bern und diese auch ausleihen.<br>Sollten Sie gut erhaltene B\u00fccher spenden wollen, so melden Sie sich bitte bei Frau K\u00f6nigsmann!<\/p>\n\n\n\n<p>koenigsmann@gerlachschule-aachen.de<br><br>Gerne k\u00f6nnen Sie auch freitags in den Bibliotheksbetrieb reinschnuppern und mithelfen. Von 7.40 &#8211; 8.00 Uhr hat unser B\u00fccherpavillon ge\u00f6ffnet. Hier k\u00f6nnen Sie sich eintragen!<\/p>\n","protected":false},"excerpt":{"rendered":"<p>In den letzten Jahren konnte sich unsere Bibliothek um einiges vergr\u00f6\u00dfern! Vielen Dank an Ihre Spenden! Dank der Einnahmen vom Waffelverkauf am Tag der offenen T\u00fcr konnten wir diese B\u00fccher f\u00fcr unseren B\u00fccherpavillon erwerben! Vielen Dank f\u00fcr die flei\u00dfigen Waffelb\u00e4cker und Waffelesser! Jeden Freitag ist der von Eltern ins Leben gerufene und organisierte B\u00fccherpavillon ge\u00f6ffnet. &hellip; <\/p>\n<p class=\"link-more\"><a href=\"https:\/\/gerlachschule-aachen.de\/index.php\/unser-schulleben\/buecherpavillon\/\" class=\"more-link\"><span class=\"screen-reader-text\">\u201eB\u00fccherpavillon\u201c <\/span>weiterlesen<\/a><\/p>\n","protected":false},"author":2,"featured_media":0,"parent":138,"menu_order":0,"comment_status":"closed","ping_status":"closed","template":"","meta":{"footnotes":""},"class_list":["post-3214","page","type-page","status-publish","hentry"],"_links":{"self":[{"href":"https:\/\/gerlachschule-aachen.de\/index.php\/wp-json\/wp\/v2\/pages\/3214","targetHints":{"allow":["GET"]}}],"collection":[{"href":"https:\/\/gerlachschule-aachen.de\/index.php\/wp-json\/wp\/v2\/pages"}],"about":[{"href":"https:\/\/gerlachschule-aachen.de\/index.php\/wp-json\/wp\/v2\/types\/page"}],"author":[{"embeddable":true,"href":"https:\/\/gerlachschule-aachen.de\/index.php\/wp-json\/wp\/v2\/users\/2"}],"replies":[{"embeddable":true,"href":"https:\/\/gerlachschule-aachen.de\/index.php\/wp-json\/wp\/v2\/comments?post=3214"}],"version-history":[{"count":3,"href":"https:\/\/gerlachschule-aachen.de\/index.php\/wp-json\/wp\/v2\/pages\/3214\/revisions"}],"predecessor-version":[{"id":3552,"href":"https:\/\/gerlachschule-aachen.de\/index.php\/wp-json\/wp\/v2\/pages\/3214\/revisions\/3552"}],"up":[{"embeddable":true,"href":"https:\/\/gerlachschule-aachen.de\/index.php\/wp-json\/wp\/v2\/pages\/138"}],"wp:attachment":[{"href":"https:\/\/gerlachschule-aachen.de\/index.php\/wp-json\/wp\/v2\/media?parent=3214"}],"curies":[{"name":"wp","href":"https:\/\/api.w.org\/{rel}","templated":true}]}}