{"id":47,"date":"2019-10-05T17:57:42","date_gmt":"2019-10-05T17:57:42","guid":{"rendered":"http:\/\/dev.gerlachschule-aachen.de\/?page_id=47"},"modified":"2024-11-06T08:35:03","modified_gmt":"2024-11-06T08:35:03","slug":"foerderung-fidul","status":"publish","type":"page","link":"https:\/\/gerlachschule-aachen.de\/index.php\/foerderung-fidul\/","title":{"rendered":"F\u00f6rderung FiduL"},"content":{"rendered":"\n<p>Fit durch Lernen nennen wir kurz: FiduL.   <\/p>\n\n\n\n<p>Uns ist es sehr wichtig Ihr Kind bei Schw\u00e4chen und Schwierigkeiten zu unterst\u00fctzen und es in seinen St\u00e4rken herauszufordern. Daher f\u00fchren wir zweimal w\u00f6chentlich jeweils eine Stunde die F\u00f6rderung FiduL durch. <br>F\u00fcr diese Stunden wird der gewohnte Klassenverband teilweise aufgel\u00f6st. So entstehen kleinere Lerngruppen sowohl innerhalb der Jahrgangsklasse als auch jahrgangs\u00fcbergreifend. In den Kleingruppen werden die Kinder in verschiedenen Schwierigkeitsstufen und anhand vielf\u00e4ltiger Methoden individuell gef\u00f6rdert und gefordert. Die Kinder haben die M\u00f6glichkeit, Themen aus dem Unterricht intensiv zu \u00fcben, ihre Kompetenzen zu festigen und Defizite gezielt aufzuarbeiten. Leistungsstarke Kinder setzen sich mit herausfordernden (Knobel-) Aufgaben auseinander und erarbeiten gemeinsam L\u00f6sungswege.   <\/p>\n\n\n\n<p>Wir f\u00f6rdern die Kinder intensiv in den Bereichen Mathematik, Rechtschreiben und Lesen. Bei Bedarf erweitern die Kinder in der Sprechstunde durch Rollenspiele und unterschiedliche Sprechanl\u00e4sse ihren Wortschatz und ihre sprachlichen F\u00e4higkeiten.  <\/p>\n\n\n\n<p class=\"has-text-align-center has-pale-cyan-blue-background-color has-background has-medium-font-size\"><strong>Knobeln<\/strong><\/p>\n\n\n\n<p>In der Knobelstunde legen wir mit dem Tangram unterschiedliche Figuren nach oder arbeiten mit der Streichholzkartei. Zu Beginn jeder Knobelstunde gibt es einen Superknacker. <\/p>\n\n\n\n<figure class=\"wp-block-image size-large\"><img loading=\"lazy\" decoding=\"async\" width=\"1024\" height=\"576\" src=\"https:\/\/gerlachschule-aachen.de\/wp-content\/uploads\/2024\/10\/Knobeln-1024x576.jpg\" alt=\"\" class=\"wp-image-4115\" srcset=\"https:\/\/gerlachschule-aachen.de\/wp-content\/uploads\/2024\/10\/Knobeln-1024x576.jpg 1024w, https:\/\/gerlachschule-aachen.de\/wp-content\/uploads\/2024\/10\/Knobeln-300x169.jpg 300w, https:\/\/gerlachschule-aachen.de\/wp-content\/uploads\/2024\/10\/Knobeln-768x432.jpg 768w, https:\/\/gerlachschule-aachen.de\/wp-content\/uploads\/2024\/10\/Knobeln-1536x864.jpg 1536w, https:\/\/gerlachschule-aachen.de\/wp-content\/uploads\/2024\/10\/Knobeln-2048x1152.jpg 2048w\" sizes=\"auto, (max-width: 767px) 89vw, (max-width: 1000px) 54vw, (max-width: 1071px) 543px, 580px\" \/><\/figure>\n\n\n\n<figure class=\"wp-block-gallery has-nested-images columns-default is-cropped wp-block-gallery-1 is-layout-flex wp-block-gallery-is-layout-flex\">\n<figure class=\"wp-block-image size-large\"><img loading=\"lazy\" decoding=\"async\" width=\"576\" height=\"1024\" data-id=\"4114\" src=\"https:\/\/gerlachschule-aachen.de\/wp-content\/uploads\/2024\/10\/Knobeln-1-576x1024.jpg\" alt=\"\" class=\"wp-image-4114\" srcset=\"https:\/\/gerlachschule-aachen.de\/wp-content\/uploads\/2024\/10\/Knobeln-1-576x1024.jpg 576w, https:\/\/gerlachschule-aachen.de\/wp-content\/uploads\/2024\/10\/Knobeln-1-169x300.jpg 169w, https:\/\/gerlachschule-aachen.de\/wp-content\/uploads\/2024\/10\/Knobeln-1-768x1365.jpg 768w, https:\/\/gerlachschule-aachen.de\/wp-content\/uploads\/2024\/10\/Knobeln-1-864x1536.jpg 864w, https:\/\/gerlachschule-aachen.de\/wp-content\/uploads\/2024\/10\/Knobeln-1-1152x2048.jpg 1152w, https:\/\/gerlachschule-aachen.de\/wp-content\/uploads\/2024\/10\/Knobeln-1-scaled.jpg 1440w\" sizes=\"auto, (max-width: 576px) 100vw, 576px\" \/><\/figure>\n<\/figure>\n\n\n\n<figure class=\"wp-block-gallery has-nested-images columns-default is-cropped wp-block-gallery-2 is-layout-flex wp-block-gallery-is-layout-flex\">\n<figure class=\"wp-block-image size-large\"><img loading=\"lazy\" decoding=\"async\" width=\"576\" height=\"1024\" data-id=\"4259\" src=\"https:\/\/gerlachschule-aachen.de\/wp-content\/uploads\/2024\/11\/Knobeln-Laternen-576x1024.jpg\" alt=\"\" class=\"wp-image-4259\" srcset=\"https:\/\/gerlachschule-aachen.de\/wp-content\/uploads\/2024\/11\/Knobeln-Laternen-576x1024.jpg 576w, https:\/\/gerlachschule-aachen.de\/wp-content\/uploads\/2024\/11\/Knobeln-Laternen-169x300.jpg 169w, https:\/\/gerlachschule-aachen.de\/wp-content\/uploads\/2024\/11\/Knobeln-Laternen-768x1365.jpg 768w, https:\/\/gerlachschule-aachen.de\/wp-content\/uploads\/2024\/11\/Knobeln-Laternen-864x1536.jpg 864w, https:\/\/gerlachschule-aachen.de\/wp-content\/uploads\/2024\/11\/Knobeln-Laternen-1152x2048.jpg 1152w, https:\/\/gerlachschule-aachen.de\/wp-content\/uploads\/2024\/11\/Knobeln-Laternen-scaled.jpg 1440w\" sizes=\"auto, (max-width: 576px) 100vw, 576px\" \/><\/figure>\n<\/figure>\n\n\n\n<p class=\"has-text-align-center has-pale-pink-background-color has-background has-medium-font-size\"><strong>Einblick in ein Schreibprojekt der 3. Klassen<\/strong><\/p>\n\n\n\n<p>Die Kinder der 3. Klassen konnten sich im Forderunterricht ein eigenes Schreibprojekt suchen. Die Geschichte von Karim aus der 3b:<\/p>\n\n\n\n<div data-wp-interactive=\"core\/file\" class=\"wp-block-file\"><object data-wp-bind--hidden=\"!state.hasPdfPreview\" hidden class=\"wp-block-file__embed\" data=\"https:\/\/gerlachschule-aachen.de\/wp-content\/uploads\/2024\/06\/Das-grosse-Abenteuer-von-Max-und-Gustav.pdf\" type=\"application\/pdf\" style=\"width:100%;height:600px\" aria-label=\"Einbettung von Das-grosse-Abenteuer-von-Max-und-Gustav.\"><\/object><a id=\"wp-block-file--media-840d1ffa-f424-4f6b-a030-9832f4dccc12\" href=\"https:\/\/gerlachschule-aachen.de\/wp-content\/uploads\/2024\/06\/Das-grosse-Abenteuer-von-Max-und-Gustav.pdf\">Das-grosse-Abenteuer-von-Max-und-Gustav<\/a><\/div>\n\n\n\n<p><br>Die Geschichte von Justus und Shayan (3b):<\/p>\n\n\n\n<div data-wp-interactive=\"core\/file\" class=\"wp-block-file\"><object data-wp-bind--hidden=\"!state.hasPdfPreview\" hidden class=\"wp-block-file__embed\" data=\"https:\/\/gerlachschule-aachen.de\/wp-content\/uploads\/2024\/07\/Poppy-Playtime-Justus1-und-Shayan.pdf\" type=\"application\/pdf\" style=\"width:100%;height:600px\" aria-label=\"Einbettung von Geschichte von Justus und Shayan.\"><\/object><a id=\"wp-block-file--media-3a3a8ce8-6183-4442-b92e-4286c2522d08\" href=\"https:\/\/gerlachschule-aachen.de\/wp-content\/uploads\/2024\/07\/Poppy-Playtime-Justus1-und-Shayan.pdf\">Geschichte von Justus und Shayan<\/a><\/div>\n\n\n\n<p><\/p>\n\n\n\n<p>Die Geschichte von Aylin (3a) und Johanna (3b):<\/p>\n\n\n\n<figure class=\"wp-block-audio\"><audio controls src=\"https:\/\/gerlachschule-aachen.de\/wp-content\/uploads\/2024\/07\/Geschichte_A-J_v2_lbr-2.mp3\"><\/audio><\/figure>\n","protected":false},"excerpt":{"rendered":"<p>Fit durch Lernen nennen wir kurz: FiduL. Uns ist es sehr wichtig Ihr Kind bei Schw\u00e4chen und Schwierigkeiten zu unterst\u00fctzen und es in seinen St\u00e4rken herauszufordern. Daher f\u00fchren wir zweimal w\u00f6chentlich jeweils eine Stunde die F\u00f6rderung FiduL durch. F\u00fcr diese Stunden wird der gewohnte Klassenverband teilweise aufgel\u00f6st. So entstehen kleinere Lerngruppen sowohl innerhalb der Jahrgangsklasse &hellip; <\/p>\n<p class=\"link-more\"><a href=\"https:\/\/gerlachschule-aachen.de\/index.php\/foerderung-fidul\/\" class=\"more-link\"><span class=\"screen-reader-text\">\u201eF\u00f6rderung FiduL\u201c <\/span>weiterlesen<\/a><\/p>\n","protected":false},"author":1,"featured_media":0,"parent":0,"menu_order":0,"comment_status":"closed","ping_status":"closed","template":"","meta":{"footnotes":""},"class_list":["post-47","page","type-page","status-publish","hentry"],"_links":{"self":[{"href":"https:\/\/gerlachschule-aachen.de\/index.php\/wp-json\/wp\/v2\/pages\/47","targetHints":{"allow":["GET"]}}],"collection":[{"href":"https:\/\/gerlachschule-aachen.de\/index.php\/wp-json\/wp\/v2\/pages"}],"about":[{"href":"https:\/\/gerlachschule-aachen.de\/index.php\/wp-json\/wp\/v2\/types\/page"}],"author":[{"embeddable":true,"href":"https:\/\/gerlachschule-aachen.de\/index.php\/wp-json\/wp\/v2\/users\/1"}],"replies":[{"embeddable":true,"href":"https:\/\/gerlachschule-aachen.de\/index.php\/wp-json\/wp\/v2\/comments?post=47"}],"version-history":[{"count":15,"href":"https:\/\/gerlachschule-aachen.de\/index.php\/wp-json\/wp\/v2\/pages\/47\/revisions"}],"predecessor-version":[{"id":4260,"href":"https:\/\/gerlachschule-aachen.de\/index.php\/wp-json\/wp\/v2\/pages\/47\/revisions\/4260"}],"wp:attachment":[{"href":"https:\/\/gerlachschule-aachen.de\/index.php\/wp-json\/wp\/v2\/media?parent=47"}],"curies":[{"name":"wp","href":"https:\/\/api.w.org\/{rel}","templated":true}]}}

Förderung FiduL

<p>Fit durch Lernen nennen wir kurz: FiduL.   </p>



<p>Uns ist es sehr wichtig Ihr Kind bei Schwächen und Schwierigkeiten zu unterstützen und es in seinen Stärken herauszufordern. Daher führen wir zweimal wöchentlich jeweils eine Stunde die Förderung FiduL durch. <br>Für diese Stunden wird der gewohnte Klassenverband teilweise aufgelöst. So entstehen kleinere Lerngruppen sowohl innerhalb der Jahrgangsklasse als auch jahrgangsübergreifend. In den Kleingruppen werden die Kinder in verschiedenen Schwierigkeitsstufen und anhand vielfältiger Methoden individuell gefördert und gefordert. Die Kinder haben die Möglichkeit, Themen aus dem Unterricht intensiv zu üben, ihre Kompetenzen zu festigen und Defizite gezielt aufzuarbeiten. Leistungsstarke Kinder setzen sich mit herausfordernden (Knobel-) Aufgaben auseinander und erarbeiten gemeinsam Lösungswege.   </p>



<p>Wir fördern die Kinder intensiv in den Bereichen Mathematik, Rechtschreiben und Lesen. Bei Bedarf erweitern die Kinder in der Sprechstunde durch Rollenspiele und unterschiedliche Sprechanlässe ihren Wortschatz und ihre sprachlichen Fähigkeiten.  </p>



<p class="has-text-align-center has-pale-cyan-blue-background-color has-background has-medium-font-size"><strong>Knobeln</strong></p>



<p>In der Knobelstunde legen wir mit dem Tangram unterschiedliche Figuren nach oder arbeiten mit der Streichholzkartei. Zu Beginn jeder Knobelstunde gibt es einen Superknacker. </p>



<figure class="wp-block-image size-large"><img loading="lazy" decoding="async" width="1024" height="576" src="https://gerlachschule-aachen.de/wp-content/uploads/2024/10/Knobeln-1024x576.jpg" alt="" class="wp-image-4115" srcset="https://gerlachschule-aachen.de/wp-content/uploads/2024/10/Knobeln-1024x576.jpg 1024w, https://gerlachschule-aachen.de/wp-content/uploads/2024/10/Knobeln-300x169.jpg 300w, https://gerlachschule-aachen.de/wp-content/uploads/2024/10/Knobeln-768x432.jpg 768w, https://gerlachschule-aachen.de/wp-content/uploads/2024/10/Knobeln-1536x864.jpg 1536w, https://gerlachschule-aachen.de/wp-content/uploads/2024/10/Knobeln-2048x1152.jpg 2048w" sizes="auto, (max-width: 767px) 89vw, (max-width: 1000px) 54vw, (max-width: 1071px) 543px, 580px" /></figure>



<figure class="wp-block-gallery has-nested-images columns-default is-cropped wp-block-gallery-1 is-layout-flex wp-block-gallery-is-layout-flex">
<figure class="wp-block-image size-large"><img loading="lazy" decoding="async" width="576" height="1024" data-id="4114" src="https://gerlachschule-aachen.de/wp-content/uploads/2024/10/Knobeln-1-576x1024.jpg" alt="" class="wp-image-4114" srcset="https://gerlachschule-aachen.de/wp-content/uploads/2024/10/Knobeln-1-576x1024.jpg 576w, https://gerlachschule-aachen.de/wp-content/uploads/2024/10/Knobeln-1-169x300.jpg 169w, https://gerlachschule-aachen.de/wp-content/uploads/2024/10/Knobeln-1-768x1365.jpg 768w, https://gerlachschule-aachen.de/wp-content/uploads/2024/10/Knobeln-1-864x1536.jpg 864w, https://gerlachschule-aachen.de/wp-content/uploads/2024/10/Knobeln-1-1152x2048.jpg 1152w, https://gerlachschule-aachen.de/wp-content/uploads/2024/10/Knobeln-1-scaled.jpg 1440w" sizes="auto, (max-width: 576px) 100vw, 576px" /></figure>
</figure>



<figure class="wp-block-gallery has-nested-images columns-default is-cropped wp-block-gallery-2 is-layout-flex wp-block-gallery-is-layout-flex">
<figure class="wp-block-image size-large"><img loading="lazy" decoding="async" width="576" height="1024" data-id="4259" src="https://gerlachschule-aachen.de/wp-content/uploads/2024/11/Knobeln-Laternen-576x1024.jpg" alt="" class="wp-image-4259" srcset="https://gerlachschule-aachen.de/wp-content/uploads/2024/11/Knobeln-Laternen-576x1024.jpg 576w, https://gerlachschule-aachen.de/wp-content/uploads/2024/11/Knobeln-Laternen-169x300.jpg 169w, https://gerlachschule-aachen.de/wp-content/uploads/2024/11/Knobeln-Laternen-768x1365.jpg 768w, https://gerlachschule-aachen.de/wp-content/uploads/2024/11/Knobeln-Laternen-864x1536.jpg 864w, https://gerlachschule-aachen.de/wp-content/uploads/2024/11/Knobeln-Laternen-1152x2048.jpg 1152w, https://gerlachschule-aachen.de/wp-content/uploads/2024/11/Knobeln-Laternen-scaled.jpg 1440w" sizes="auto, (max-width: 576px) 100vw, 576px" /></figure>
</figure>



<p class="has-text-align-center has-pale-pink-background-color has-background has-medium-font-size"><strong>Einblick in ein Schreibprojekt der 3. Klassen</strong></p>



<p>Die Kinder der 3. Klassen konnten sich im Forderunterricht ein eigenes Schreibprojekt suchen. Die Geschichte von Karim aus der 3b:</p>



<div data-wp-interactive="core/file" class="wp-block-file"><object data-wp-bind--hidden="!state.hasPdfPreview" hidden class="wp-block-file__embed" data="https://gerlachschule-aachen.de/wp-content/uploads/2024/06/Das-grosse-Abenteuer-von-Max-und-Gustav.pdf" type="application/pdf" style="width:100%;height:600px" aria-label="Einbettung von Das-grosse-Abenteuer-von-Max-und-Gustav."></object><a id="wp-block-file--media-840d1ffa-f424-4f6b-a030-9832f4dccc12" href="https://gerlachschule-aachen.de/wp-content/uploads/2024/06/Das-grosse-Abenteuer-von-Max-und-Gustav.pdf">Das-grosse-Abenteuer-von-Max-und-Gustav</a></div>



<p><br>Die Geschichte von Justus und Shayan (3b):</p>



<div data-wp-interactive="core/file" class="wp-block-file"><object data-wp-bind--hidden="!state.hasPdfPreview" hidden class="wp-block-file__embed" data="https://gerlachschule-aachen.de/wp-content/uploads/2024/07/Poppy-Playtime-Justus1-und-Shayan.pdf" type="application/pdf" style="width:100%;height:600px" aria-label="Einbettung von Geschichte von Justus und Shayan."></object><a id="wp-block-file--media-3a3a8ce8-6183-4442-b92e-4286c2522d08" href="https://gerlachschule-aachen.de/wp-content/uploads/2024/07/Poppy-Playtime-Justus1-und-Shayan.pdf">Geschichte von Justus und Shayan</a></div>



<p></p>



<p>Die Geschichte von Aylin (3a) und Johanna (3b):</p>



<figure class="wp-block-audio"><audio controls src="https://gerlachschule-aachen.de/wp-content/uploads/2024/07/Geschichte_A-J_v2_lbr-2.mp3"></audio></figure>

<p>Fit durch Lernen nennen wir kurz: FiduL. Uns ist es sehr wichtig Ihr Kind bei Schwächen und Schwierigkeiten zu unterstützen und es in seinen Stärken herauszufordern. Daher führen wir zweimal wöchentlich jeweils eine Stunde die Förderung FiduL durch. Für diese Stunden wird der gewohnte Klassenverband teilweise aufgelöst. So entstehen kleinere Lerngruppen sowohl innerhalb der Jahrgangsklasse &hellip; </p>
<p class="link-more"><a href="https://gerlachschule-aachen.de/index.php/foerderung-fidul/" class="more-link"><span class="screen-reader-text">„Förderung FiduL“ </span>weiterlesen</a></p>
