{"id":5392,"date":"2025-12-14T19:55:04","date_gmt":"2025-12-14T19:55:04","guid":{"rendered":"https:\/\/gerlachschule-aachen.de\/?page_id=5392"},"modified":"2026-04-23T11:06:50","modified_gmt":"2026-04-23T11:06:50","slug":"podcast","status":"publish","type":"page","link":"https:\/\/gerlachschule-aachen.de\/index.php\/podcast\/","title":{"rendered":"Podcast"},"content":{"rendered":"\n<p>Hier k\u00f6nnt ihr ab jetzt den Podcast der Gerlachschule h\u00f6ren. \ud83d\udcfb<\/p>\n\n\n\n<p>Wir haben ein paar Dinge ausprobiert &#8211; h\u00f6rt mal rein, habt viel Spa\u00df und viele Gr\u00fc\u00dfe,<\/p>\n\n\n\n<p>Die Podcast-AG der Gerlachschule<\/p>\n\n\n\n<p><mark style=\"background-color:#fcb900\" class=\"has-inline-color has-vivid-cyan-blue-color\"><strong>Folge 1<\/strong><br><\/mark>In dieser Folge interviewen wir Frau Hammer&#8230;<\/p>\n\n\n\n<p>Sie hat uns viel erz\u00e4hlt. H\u00f6rt mal rein! Viel Spa\u00df dabei! \ud83d\ude03<\/p>\n\n\n\n<figure class=\"wp-block-audio\"><audio controls src=\"https:\/\/gerlachschule-aachen.de\/wp-content\/uploads\/2026\/01\/GSP-Ep01-128.mp3\"><\/audio><\/figure>\n\n\n\n<p><\/p>\n\n\n\n<p><\/p>\n\n\n\n<p><mark style=\"background-color:#fcb900\" class=\"has-inline-color has-vivid-cyan-blue-color\"><strong>Folge 2<\/strong><br><\/mark>In dieser Folge haben wir den Hausmeister interviewt! <br>Viel Spa\u00df beim H\u00f6ren w\u00fcnschen die Kinder vom Podcast. \ud83d\ude0e<\/p>\n\n\n\n<figure class=\"wp-block-audio\"><audio controls src=\"https:\/\/gerlachschule-aachen.de\/wp-content\/uploads\/2026\/01\/GSP-Ep02-3.mp3\"><\/audio><\/figure>\n\n\n\n<figure class=\"wp-block-image size-large\"><img loading=\"lazy\" decoding=\"async\" width=\"904\" height=\"1024\" src=\"https:\/\/gerlachschule-aachen.de\/wp-content\/uploads\/2026\/01\/1000133636-904x1024.jpg\" alt=\"\" class=\"wp-image-5484\" srcset=\"https:\/\/gerlachschule-aachen.de\/wp-content\/uploads\/2026\/01\/1000133636-904x1024.jpg 904w, https:\/\/gerlachschule-aachen.de\/wp-content\/uploads\/2026\/01\/1000133636-265x300.jpg 265w, https:\/\/gerlachschule-aachen.de\/wp-content\/uploads\/2026\/01\/1000133636-768x870.jpg 768w, https:\/\/gerlachschule-aachen.de\/wp-content\/uploads\/2026\/01\/1000133636-1356x1536.jpg 1356w, https:\/\/gerlachschule-aachen.de\/wp-content\/uploads\/2026\/01\/1000133636-1807x2048.jpg 1807w\" sizes=\"auto, (max-width: 767px) 89vw, (max-width: 1000px) 54vw, (max-width: 1071px) 543px, 580px\" \/><\/figure>\n\n\n\n<p><strong><mark style=\"background-color:#fcb900\" class=\"has-inline-color has-vivid-cyan-blue-color\">Folge 3<\/mark><\/strong> Wir \u00fcber uns<\/p>\n\n\n\n<p>&#8222;<em>Die <strong><mark style=\"background-color:#7bdcb5\" class=\"has-inline-color\">n\u00e4chste Folge<\/mark><\/strong>, in der wir uns und unseren Podcast \ud83c\udfa4 selber vorstellen erscheint am Dienstag! (3. M\u00e4rz) \ud83d\uddd3\ufe0f\u23f1\ufe0f&#8220; <\/em><\/p>\n\n\n\n<p>&#8230;dachten wir, aber uiui, da hat das Datenchaos  auch unseren Podcast verschluckt \ud83e\udd14\ud83d\udcbe  <\/p>\n\n\n\n<p>Hier gibt&#8217;s ihn aber jetzt, ganz frisch:<\/p>\n\n\n\n<figure class=\"wp-block-audio\"><audio controls src=\"https:\/\/gerlachschule-aachen.de\/wp-content\/uploads\/2026\/03\/GSP-Ep03.mp3\"><\/audio><\/figure>\n\n\n\n<p><\/p>\n\n\n\n<p><strong><mark style=\"background-color:#fcb900\" class=\"has-inline-color has-vivid-cyan-blue-color\">Episode 4<\/mark><\/strong><\/p>\n\n\n\n<p>Hier k\u00f6nnt ihr jetzt endlich das Interview mit Lina h\u00f6ren. \ud83d\ude00<\/p>\n\n\n\n<p>Wir haben viel Neues \u00fcber sie gelernt. \ud83e\udd97 \ud83c\udfca \ud83d\udedf \ud83e\udd8e<\/p>\n\n\n\n<p>Am Anfang haben wir ein bisschen Quatsch gemacht, aber das haben wir gel\u00f6scht \ud83d\ude42<\/p>\n\n\n\n<figure class=\"wp-block-audio\"><audio controls src=\"https:\/\/gerlachschule-aachen.de\/wp-content\/uploads\/2026\/03\/GSP-Ep04.mp3\"><\/audio><\/figure>\n\n\n\n<p><\/p>\n\n\n\n<p>\ud83c\udfde\ufe0f Kleine &#8222;Vorschau&#8220;. <br>Wir haben gerade ein neues Mikrofon ausgeliehen und Aufnahmen unter der Erde gemacht, was ist das denn nur f\u00fcr ein Lebewesen was man da h\u00f6rt?!<br>\ud83d\udc1e \ud83d\udc1c \ud83e\udd9f<\/p>\n\n\n\n<figure class=\"wp-block-audio\"><audio controls src=\"https:\/\/gerlachschule-aachen.de\/wp-content\/uploads\/2026\/04\/gekrabbel1.mp3\"><\/audio><\/figure>\n\n\n\n<p><\/p>\n","protected":false},"excerpt":{"rendered":"<p>Hier k\u00f6nnt ihr ab jetzt den Podcast der Gerlachschule h\u00f6ren. \ud83d\udcfb Wir haben ein paar Dinge ausprobiert &#8211; h\u00f6rt mal rein, habt viel Spa\u00df und viele Gr\u00fc\u00dfe, Die Podcast-AG der Gerlachschule Folge 1In dieser Folge interviewen wir Frau Hammer&#8230; Sie hat uns viel erz\u00e4hlt. H\u00f6rt mal rein! Viel Spa\u00df dabei! \ud83d\ude03 Folge 2In dieser Folge &hellip; <\/p>\n<p class=\"link-more\"><a href=\"https:\/\/gerlachschule-aachen.de\/index.php\/podcast\/\" class=\"more-link\"><span class=\"screen-reader-text\">\u201ePodcast\u201c <\/span>weiterlesen<\/a><\/p>\n","protected":false},"author":3,"featured_media":0,"parent":0,"menu_order":0,"comment_status":"closed","ping_status":"closed","template":"","meta":{"footnotes":""},"class_list":["post-5392","page","type-page","status-publish","hentry"],"_links":{"self":[{"href":"https:\/\/gerlachschule-aachen.de\/index.php\/wp-json\/wp\/v2\/pages\/5392","targetHints":{"allow":["GET"]}}],"collection":[{"href":"https:\/\/gerlachschule-aachen.de\/index.php\/wp-json\/wp\/v2\/pages"}],"about":[{"href":"https:\/\/gerlachschule-aachen.de\/index.php\/wp-json\/wp\/v2\/types\/page"}],"author":[{"embeddable":true,"href":"https:\/\/gerlachschule-aachen.de\/index.php\/wp-json\/wp\/v2\/users\/3"}],"replies":[{"embeddable":true,"href":"https:\/\/gerlachschule-aachen.de\/index.php\/wp-json\/wp\/v2\/comments?post=5392"}],"version-history":[{"count":16,"href":"https:\/\/gerlachschule-aachen.de\/index.php\/wp-json\/wp\/v2\/pages\/5392\/revisions"}],"predecessor-version":[{"id":5592,"href":"https:\/\/gerlachschule-aachen.de\/index.php\/wp-json\/wp\/v2\/pages\/5392\/revisions\/5592"}],"wp:attachment":[{"href":"https:\/\/gerlachschule-aachen.de\/index.php\/wp-json\/wp\/v2\/media?parent=5392"}],"curies":[{"name":"wp","href":"https:\/\/api.w.org\/{rel}","templated":true}]}}

<p>Hier könnt ihr ab jetzt den Podcast der Gerlachschule hören. 📻</p>



<p>Wir haben ein paar Dinge ausprobiert &#8211; hört mal rein, habt viel Spaß und viele Grüße,</p>



<p>Die Podcast-AG der Gerlachschule</p>



<p><mark style="background-color:#fcb900" class="has-inline-color has-vivid-cyan-blue-color"><strong>Folge 1</strong><br></mark>In dieser Folge interviewen wir Frau Hammer&#8230;</p>



<p>Sie hat uns viel erzählt. Hört mal rein! Viel Spaß dabei! 😃</p>



<figure class="wp-block-audio"><audio controls src="https://gerlachschule-aachen.de/wp-content/uploads/2026/01/GSP-Ep01-128.mp3"></audio></figure>



<p></p>



<p></p>



<p><mark style="background-color:#fcb900" class="has-inline-color has-vivid-cyan-blue-color"><strong>Folge 2</strong><br></mark>In dieser Folge haben wir den Hausmeister interviewt! <br>Viel Spaß beim Hören wünschen die Kinder vom Podcast. 😎</p>



<figure class="wp-block-audio"><audio controls src="https://gerlachschule-aachen.de/wp-content/uploads/2026/01/GSP-Ep02-3.mp3"></audio></figure>



<figure class="wp-block-image size-large"><img loading="lazy" decoding="async" width="904" height="1024" src="https://gerlachschule-aachen.de/wp-content/uploads/2026/01/1000133636-904x1024.jpg" alt="" class="wp-image-5484" srcset="https://gerlachschule-aachen.de/wp-content/uploads/2026/01/1000133636-904x1024.jpg 904w, https://gerlachschule-aachen.de/wp-content/uploads/2026/01/1000133636-265x300.jpg 265w, https://gerlachschule-aachen.de/wp-content/uploads/2026/01/1000133636-768x870.jpg 768w, https://gerlachschule-aachen.de/wp-content/uploads/2026/01/1000133636-1356x1536.jpg 1356w, https://gerlachschule-aachen.de/wp-content/uploads/2026/01/1000133636-1807x2048.jpg 1807w" sizes="auto, (max-width: 767px) 89vw, (max-width: 1000px) 54vw, (max-width: 1071px) 543px, 580px" /></figure>



<p><strong><mark style="background-color:#fcb900" class="has-inline-color has-vivid-cyan-blue-color">Folge 3</mark></strong> Wir über uns</p>



<p>&#8222;<em>Die <strong><mark style="background-color:#7bdcb5" class="has-inline-color">nächste Folge</mark></strong>, in der wir uns und unseren Podcast 🎤 selber vorstellen erscheint am Dienstag! (3. März) 🗓️⏱️&#8220; </em></p>



<p>&#8230;dachten wir, aber uiui, da hat das Datenchaos  auch unseren Podcast verschluckt 🤔💾  </p>



<p>Hier gibt&#8217;s ihn aber jetzt, ganz frisch:</p>



<figure class="wp-block-audio"><audio controls src="https://gerlachschule-aachen.de/wp-content/uploads/2026/03/GSP-Ep03.mp3"></audio></figure>



<p></p>



<p><strong><mark style="background-color:#fcb900" class="has-inline-color has-vivid-cyan-blue-color">Episode 4</mark></strong></p>



<p>Hier könnt ihr jetzt endlich das Interview mit Lina hören. 😀</p>



<p>Wir haben viel Neues über sie gelernt. 🦗 🏊 🛟 🦎</p>



<p>Am Anfang haben wir ein bisschen Quatsch gemacht, aber das haben wir gelöscht 🙂</p>



<figure class="wp-block-audio"><audio controls src="https://gerlachschule-aachen.de/wp-content/uploads/2026/03/GSP-Ep04.mp3"></audio></figure>



<p></p>



<p>🏞️ Kleine &#8222;Vorschau&#8220;. <br>Wir haben gerade ein neues Mikrofon ausgeliehen und Aufnahmen unter der Erde gemacht, was ist das denn nur für ein Lebewesen was man da hört?!<br>🐞 🐜 🦟</p>



<figure class="wp-block-audio"><audio controls src="https://gerlachschule-aachen.de/wp-content/uploads/2026/04/gekrabbel1.mp3"></audio></figure>



<p></p>

<p>Hier könnt ihr ab jetzt den Podcast der Gerlachschule hören. 📻 Wir haben ein paar Dinge ausprobiert &#8211; hört mal rein, habt viel Spaß und viele Grüße, Die Podcast-AG der Gerlachschule Folge 1In dieser Folge interviewen wir Frau Hammer&#8230; Sie hat uns viel erzählt. Hört mal rein! Viel Spaß dabei! 😃 Folge 2In dieser Folge &hellip; </p>
<p class="link-more"><a href="https://gerlachschule-aachen.de/index.php/podcast/" class="more-link"><span class="screen-reader-text">„Podcast“ </span>weiterlesen</a></p>
