{"id":5573,"date":"2026-04-20T08:26:46","date_gmt":"2026-04-20T08:26:46","guid":{"rendered":"https:\/\/gerlachschule-aachen.de\/?page_id=5573"},"modified":"2026-04-20T08:49:10","modified_gmt":"2026-04-20T08:49:10","slug":"mobilitaetsprojekt","status":"publish","type":"page","link":"https:\/\/gerlachschule-aachen.de\/index.php\/mobilitaetsprojekt\/","title":{"rendered":"Mobilit\u00e4tsprojekt"},"content":{"rendered":"\n<figure class=\"wp-block-gallery has-nested-images columns-default is-cropped wp-block-gallery-1 is-layout-flex wp-block-gallery-is-layout-flex\">\n<figure class=\"wp-block-image size-large\"><img loading=\"lazy\" decoding=\"async\" width=\"1024\" height=\"576\" data-id=\"5578\" src=\"https:\/\/gerlachschule-aachen.de\/wp-content\/uploads\/2026\/04\/20260417_090914-1024x576.jpg\" alt=\"\" class=\"wp-image-5578\" srcset=\"https:\/\/gerlachschule-aachen.de\/wp-content\/uploads\/2026\/04\/20260417_090914-1024x576.jpg 1024w, https:\/\/gerlachschule-aachen.de\/wp-content\/uploads\/2026\/04\/20260417_090914-300x169.jpg 300w, https:\/\/gerlachschule-aachen.de\/wp-content\/uploads\/2026\/04\/20260417_090914-768x432.jpg 768w, https:\/\/gerlachschule-aachen.de\/wp-content\/uploads\/2026\/04\/20260417_090914-1536x864.jpg 1536w, https:\/\/gerlachschule-aachen.de\/wp-content\/uploads\/2026\/04\/20260417_090914-2048x1152.jpg 2048w\" sizes=\"auto, (max-width: 767px) 89vw, (max-width: 1000px) 54vw, (max-width: 1071px) 543px, 580px\" \/><\/figure>\n\n\n\n<figure class=\"wp-block-image size-large\"><img loading=\"lazy\" decoding=\"async\" width=\"1024\" height=\"576\" data-id=\"5579\" src=\"https:\/\/gerlachschule-aachen.de\/wp-content\/uploads\/2026\/04\/20260417_085625-1024x576.jpg\" alt=\"\" class=\"wp-image-5579\" srcset=\"https:\/\/gerlachschule-aachen.de\/wp-content\/uploads\/2026\/04\/20260417_085625-1024x576.jpg 1024w, https:\/\/gerlachschule-aachen.de\/wp-content\/uploads\/2026\/04\/20260417_085625-300x169.jpg 300w, https:\/\/gerlachschule-aachen.de\/wp-content\/uploads\/2026\/04\/20260417_085625-768x432.jpg 768w, https:\/\/gerlachschule-aachen.de\/wp-content\/uploads\/2026\/04\/20260417_085625-1536x864.jpg 1536w, https:\/\/gerlachschule-aachen.de\/wp-content\/uploads\/2026\/04\/20260417_085625-2048x1152.jpg 2048w\" sizes=\"auto, (max-width: 767px) 89vw, (max-width: 1000px) 54vw, (max-width: 1071px) 543px, 580px\" \/><\/figure>\n\n\n\n<figure class=\"wp-block-image size-large\"><img loading=\"lazy\" decoding=\"async\" width=\"1024\" height=\"576\" data-id=\"5580\" src=\"https:\/\/gerlachschule-aachen.de\/wp-content\/uploads\/2026\/04\/20260417_085537-1024x576.jpg\" alt=\"\" class=\"wp-image-5580\" srcset=\"https:\/\/gerlachschule-aachen.de\/wp-content\/uploads\/2026\/04\/20260417_085537-1024x576.jpg 1024w, https:\/\/gerlachschule-aachen.de\/wp-content\/uploads\/2026\/04\/20260417_085537-300x169.jpg 300w, https:\/\/gerlachschule-aachen.de\/wp-content\/uploads\/2026\/04\/20260417_085537-768x432.jpg 768w, https:\/\/gerlachschule-aachen.de\/wp-content\/uploads\/2026\/04\/20260417_085537-1536x864.jpg 1536w, https:\/\/gerlachschule-aachen.de\/wp-content\/uploads\/2026\/04\/20260417_085537-2048x1152.jpg 2048w\" sizes=\"auto, (max-width: 767px) 89vw, (max-width: 1000px) 54vw, (max-width: 1071px) 543px, 580px\" \/><\/figure>\n\n\n\n<figure class=\"wp-block-image size-large\"><img loading=\"lazy\" decoding=\"async\" width=\"1024\" height=\"576\" data-id=\"5581\" src=\"https:\/\/gerlachschule-aachen.de\/wp-content\/uploads\/2026\/04\/20260417_084614-1024x576.jpg\" alt=\"\" class=\"wp-image-5581\" srcset=\"https:\/\/gerlachschule-aachen.de\/wp-content\/uploads\/2026\/04\/20260417_084614-1024x576.jpg 1024w, https:\/\/gerlachschule-aachen.de\/wp-content\/uploads\/2026\/04\/20260417_084614-300x169.jpg 300w, https:\/\/gerlachschule-aachen.de\/wp-content\/uploads\/2026\/04\/20260417_084614-768x432.jpg 768w, https:\/\/gerlachschule-aachen.de\/wp-content\/uploads\/2026\/04\/20260417_084614-1536x864.jpg 1536w, https:\/\/gerlachschule-aachen.de\/wp-content\/uploads\/2026\/04\/20260417_084614-2048x1152.jpg 2048w\" sizes=\"auto, (max-width: 767px) 89vw, (max-width: 1000px) 54vw, (max-width: 1071px) 543px, 580px\" \/><\/figure>\n\n\n\n<figure class=\"wp-block-image size-large\"><img loading=\"lazy\" decoding=\"async\" width=\"1024\" height=\"576\" data-id=\"5582\" src=\"https:\/\/gerlachschule-aachen.de\/wp-content\/uploads\/2026\/04\/20260417_083936-1024x576.jpg\" alt=\"\" class=\"wp-image-5582\" srcset=\"https:\/\/gerlachschule-aachen.de\/wp-content\/uploads\/2026\/04\/20260417_083936-1024x576.jpg 1024w, https:\/\/gerlachschule-aachen.de\/wp-content\/uploads\/2026\/04\/20260417_083936-300x169.jpg 300w, https:\/\/gerlachschule-aachen.de\/wp-content\/uploads\/2026\/04\/20260417_083936-768x432.jpg 768w, https:\/\/gerlachschule-aachen.de\/wp-content\/uploads\/2026\/04\/20260417_083936-1536x864.jpg 1536w, https:\/\/gerlachschule-aachen.de\/wp-content\/uploads\/2026\/04\/20260417_083936-2048x1152.jpg 2048w\" sizes=\"auto, (max-width: 767px) 89vw, (max-width: 1000px) 54vw, (max-width: 1071px) 543px, 580px\" \/><\/figure>\n\n\n\n<figure class=\"wp-block-image size-large\"><img loading=\"lazy\" decoding=\"async\" width=\"1024\" height=\"576\" data-id=\"5583\" src=\"https:\/\/gerlachschule-aachen.de\/wp-content\/uploads\/2026\/04\/20260417_083019-1024x576.jpg\" alt=\"\" class=\"wp-image-5583\" srcset=\"https:\/\/gerlachschule-aachen.de\/wp-content\/uploads\/2026\/04\/20260417_083019-1024x576.jpg 1024w, https:\/\/gerlachschule-aachen.de\/wp-content\/uploads\/2026\/04\/20260417_083019-300x169.jpg 300w, https:\/\/gerlachschule-aachen.de\/wp-content\/uploads\/2026\/04\/20260417_083019-768x432.jpg 768w, https:\/\/gerlachschule-aachen.de\/wp-content\/uploads\/2026\/04\/20260417_083019-1536x864.jpg 1536w, https:\/\/gerlachschule-aachen.de\/wp-content\/uploads\/2026\/04\/20260417_083019-2048x1152.jpg 2048w\" sizes=\"auto, (max-width: 767px) 89vw, (max-width: 1000px) 54vw, (max-width: 1071px) 543px, 580px\" \/><\/figure>\n<\/figure>\n\n\n\n<p>Am Freitag, 17. April 2026 hat das Kinderparlament gemeinsam mit Frau Heidemann vom Verkehrsprojekt sowie der Polizei die F\u00fc\u00dfchenaktion auf den Weg gebracht. Auf den Asphalt an der Elternhaltestelle wurden F\u00fc\u00dfe gespr\u00fcht, um Jung und Alt zu verdeutlichen, welches der sicherste Weg zur Schule ist. Wir freuen uns \u00fcber zahlreiche Nachahmer und Vorbilder!   <\/p>\n","protected":false},"excerpt":{"rendered":"<p>Am Freitag, 17. April 2026 hat das Kinderparlament gemeinsam mit Frau Heidemann vom Verkehrsprojekt sowie der Polizei die F\u00fc\u00dfchenaktion auf den Weg gebracht. Auf den Asphalt an der Elternhaltestelle wurden F\u00fc\u00dfe gespr\u00fcht, um Jung und Alt zu verdeutlichen, welches der sicherste Weg zur Schule ist. Wir freuen uns \u00fcber zahlreiche Nachahmer und Vorbilder!<\/p>\n","protected":false},"author":2,"featured_media":0,"parent":0,"menu_order":0,"comment_status":"closed","ping_status":"closed","template":"","meta":{"footnotes":""},"class_list":["post-5573","page","type-page","status-publish","hentry"],"_links":{"self":[{"href":"https:\/\/gerlachschule-aachen.de\/index.php\/wp-json\/wp\/v2\/pages\/5573","targetHints":{"allow":["GET"]}}],"collection":[{"href":"https:\/\/gerlachschule-aachen.de\/index.php\/wp-json\/wp\/v2\/pages"}],"about":[{"href":"https:\/\/gerlachschule-aachen.de\/index.php\/wp-json\/wp\/v2\/types\/page"}],"author":[{"embeddable":true,"href":"https:\/\/gerlachschule-aachen.de\/index.php\/wp-json\/wp\/v2\/users\/2"}],"replies":[{"embeddable":true,"href":"https:\/\/gerlachschule-aachen.de\/index.php\/wp-json\/wp\/v2\/comments?post=5573"}],"version-history":[{"count":4,"href":"https:\/\/gerlachschule-aachen.de\/index.php\/wp-json\/wp\/v2\/pages\/5573\/revisions"}],"predecessor-version":[{"id":5586,"href":"https:\/\/gerlachschule-aachen.de\/index.php\/wp-json\/wp\/v2\/pages\/5573\/revisions\/5586"}],"wp:attachment":[{"href":"https:\/\/gerlachschule-aachen.de\/index.php\/wp-json\/wp\/v2\/media?parent=5573"}],"curies":[{"name":"wp","href":"https:\/\/api.w.org\/{rel}","templated":true}]}}